{"id":36,"date":"2025-04-14T14:37:17","date_gmt":"2025-04-14T14:37:17","guid":{"rendered":"https:\/\/www.luonnonrytmissa.fi\/?page_id=36"},"modified":"2025-04-25T12:14:27","modified_gmt":"2025-04-25T12:14:27","slug":"__tervetuloa","status":"publish","type":"page","link":"https:\/\/www.luonnonrytmissa.fi\/","title":{"rendered":"Tervetuloa!"},"content":{"rendered":"\n<p><em>Olet l\u00e4mpim\u00e4sti tervetullut blogiini.<\/em><\/p>\n\n\n\n<p><em><strong>Blogiin joka on samalla hiljainen kannanottoni \u2013 Herkkyyden ja hiljaisuuden puolustus.<\/strong><\/em><\/p>\n\n\n\n<p><em>Kaipaatko sin\u00e4kin usein jollain lailla yksinkertaisempaa el\u00e4m\u00e4\u00e4? Sellaista, joka kulkee ja hengitt\u00e4\u00e4 vahvasti luonnon rytmiss\u00e4? Jossa on enemm\u00e4n tilaa herkkyydelle?<\/em><\/p>\n\n\n\n<p><em>Jokainen meist\u00e4 kokee, havainnoi ja aistii el\u00e4m\u00e4\u00e4 sek\u00e4 ymp\u00e4r\u00f6iv\u00e4\u00e4 maailmaa omalla ainutlaatuisella tavallaan &#8211; T\u00e4m\u00e4 on pieni kurkistus minun maailmaani.<\/em><\/p>\n\n\n\n<p><em>Kirjoitan el\u00e4m\u00e4st\u00e4, joka etsii rytmi\u00e4\u00e4n luonnosta, hiljaisuudesta sek\u00e4 kehon viisaudesta k\u00e4sin. Kirjoitan my\u00f6s niist\u00e4 hetkist\u00e4 ja asioista, jotka juurruttavat, kannattelevat sek\u00e4 auttavat minua palautumaan oman arkeni (toisinaan kaoottiseltakin tuntuvan) keskell\u00e4. Kirjoitan luonnosta sek\u00e4 muista omaa syd\u00e4nt\u00e4ni l\u00e4hell\u00e4 olevista aiheista sit\u00e4 mukaa kun ne tuntuvat kutsuvilta.<\/em> <em> Kenties harrastuksistani. Ehk\u00e4 avaan hieman arkisia haasteitani.<\/em><\/p>\n\n\n\n<p><em>Pohdin ja tarkastelen kirjoittaessani herkkyytt\u00e4, neuromoninaisuutta (nepsyn n\u00e4k\u00f6kulmasta), vuorovaikutusta sek\u00e4 ihmisen luontosuhdetta.<\/em><\/p>\n\n\n\n<p><em>Jaan tietoa itse\u00e4ni kiinnostavista aiheista ja pitk\u00e4lti kokemustiedosta k\u00e4sin. My\u00f6s sen hetkisest\u00e4 aiheeseen liittyv\u00e4st\u00e4 ymm\u00e4rryksest\u00e4 ja tiet\u00e4myksest\u00e4ni k\u00e4sin tai viitaten k\u00e4ytt\u00e4m\u00e4\u00e4ni l\u00e4hdetietoon. N\u00e4kemykseni ja ajatukseni muovautuvat edelleen &#8211; kenties hieman samoin kuin aallot muovaavat ja hiovat rantakivi\u00e4 ajan saatossa.<\/em><\/p>\n\n\n\n<p><em>Olen ollut aina kiinnostunut ymm\u00e4rt\u00e4m\u00e4\u00e4n paremmin mm. ihmisyytt\u00e4, muita ihmisi\u00e4, erilaisuutta, ihmisten v\u00e4lisi\u00e4 kommunikaation haasteita sek\u00e4 itse\u00e4ni ja omaa herkkyytt\u00e4ni. <\/em><\/p>\n\n\n\n<p><em>T\u00e4m\u00e4 blogi ei ole paikka valmiille vastauksille \u2013 vaikka tuonkin kirjoittaessani esiin kenties erilaisia n\u00e4k\u00f6kulmia, ajatuksia tai kannanottoja. Voit vapaasti kyseenalaistaa tai olla erimielt\u00e4 kanssani. T\u00e4\u00e4ll\u00e4 on tilaa pohtia ja ihmetell\u00e4. Tilaa olla keskener\u00e4inen. Tilaa olla.<\/em><\/p>\n\n\n\n<p><em>Kenties kirjoitukseni resonoivat sinussa jollain lailla? Kenties ne tarjoavat jonkinlaista samaistumispintaa?  Tai ehk\u00e4 eiv\u00e4t lainkaan? <\/em><\/p>\n\n\n\n<p><em>Kirjoitan ilosta ja merkityksellisyydest\u00e4 k\u00e4sin, itse\u00e4ni kuunnellen, usein melko verkkaisestikin<\/em>. <\/p>\n\n\n<div class=\"wp-block-image\">\n<figure class=\"aligncenter size-full is-resized\"><img loading=\"lazy\" decoding=\"async\" width=\"643\" height=\"428\" src=\"https:\/\/www.luonnonrytmissa.fi\/wp-content\/uploads\/2025\/04\/kuvitus-6.jpg\" alt=\"\" class=\"wp-image-126\" style=\"width:350px;height:auto\" srcset=\"https:\/\/www.luonnonrytmissa.fi\/wp-content\/uploads\/2025\/04\/kuvitus-6.jpg 643w, https:\/\/www.luonnonrytmissa.fi\/wp-content\/uploads\/2025\/04\/kuvitus-6-300x200.jpg 300w\" sizes=\"auto, (max-width: 643px) 100vw, 643px\" \/><\/figure>\n<\/div>","protected":false},"excerpt":{"rendered":"<p>Olet l\u00e4mpim\u00e4sti tervetullut blogiini. Blogiin joka on samalla hiljainen kannanottoni \u2013 Herkkyyden ja hiljaisuuden puolustus. Kaipaatko sin\u00e4kin usein jollain lailla yksinkertaisempaa el\u00e4m\u00e4\u00e4? Sellaista, joka kulkee ja hengitt\u00e4\u00e4 vahvasti luonnon rytmiss\u00e4? Jossa on enemm\u00e4n tilaa herkkyydelle? Jokainen meist\u00e4 kokee, havainnoi ja aistii el\u00e4m\u00e4\u00e4 sek\u00e4 ymp\u00e4r\u00f6iv\u00e4\u00e4 maailmaa omalla ainutlaatuisella tavallaan &#8211; T\u00e4m\u00e4 on pieni kurkistus minun maailmaani. &hellip; <\/p>\n<p class=\"link-more\"><a href=\"https:\/\/www.luonnonrytmissa.fi\/\" class=\"more-link\">Jatka lukemista<span class=\"screen-reader-text\"> &#8221;Tervetuloa!&#8221;<\/span><\/a><\/p>\n","protected":false},"author":1,"featured_media":0,"parent":0,"menu_order":0,"comment_status":"closed","ping_status":"closed","template":"","meta":{"footnotes":""},"class_list":["post-36","page","type-page","status-publish","hentry"],"_links":{"self":[{"href":"https:\/\/www.luonnonrytmissa.fi\/index.php\/wp-json\/wp\/v2\/pages\/36","targetHints":{"allow":["GET"]}}],"collection":[{"href":"https:\/\/www.luonnonrytmissa.fi\/index.php\/wp-json\/wp\/v2\/pages"}],"about":[{"href":"https:\/\/www.luonnonrytmissa.fi\/index.php\/wp-json\/wp\/v2\/types\/page"}],"author":[{"embeddable":true,"href":"https:\/\/www.luonnonrytmissa.fi\/index.php\/wp-json\/wp\/v2\/users\/1"}],"replies":[{"embeddable":true,"href":"https:\/\/www.luonnonrytmissa.fi\/index.php\/wp-json\/wp\/v2\/comments?post=36"}],"version-history":[{"count":36,"href":"https:\/\/www.luonnonrytmissa.fi\/index.php\/wp-json\/wp\/v2\/pages\/36\/revisions"}],"predecessor-version":[{"id":255,"href":"https:\/\/www.luonnonrytmissa.fi\/index.php\/wp-json\/wp\/v2\/pages\/36\/revisions\/255"}],"wp:attachment":[{"href":"https:\/\/www.luonnonrytmissa.fi\/index.php\/wp-json\/wp\/v2\/media?parent=36"}],"curies":[{"name":"wp","href":"https:\/\/api.w.org\/{rel}","templated":true}]}}